of 25020426.
2, 3, 4170071
List the prime factors of 153189072.
2, 3, 1063813
What are the prime factors of 244711770?
2, 3, 5, 17, 439, 1093
List the prime factors of 9315527.
13, 37, 107, 181
What are the prime factors of 609231337?
11, 13, 23, 185233
List the prime factors of 155454911.
59, 2634829
List the prime factors of 86809239.
3, 11, 97429
What are the prime factors of 596967534?
2, 3, 33164863
What are the prime factors of 2600306446?
2, 19, 23, 283, 10513
What are the prime factors of 68791967?
68791967
List the prime factors of 1395831044.
2, 823, 424007
What are the prime factors of 34898836?
2, 7, 1246387
List the prime factors of 330935430.
2, 3, 5, 7, 17, 92699
List the prime factors of 17102547.
3, 7, 11, 23, 29, 37
What are the prime factors of 41669335?
5, 127, 211, 311
List the prime factors of 3264070454.
2, 25999, 62773
What are the prime factors of 242429220?
2, 3, 5, 11, 40813
What are the prime factors of 176119161?
3, 58706387
List the prime factors of 38813706.
2, 3, 2156317
List the prime factors of 119375431.
7, 37, 12457
List the prime factors of 3221193058.
2, 811, 1985939
What are the prime factors of 59373084?
2, 3, 41, 120677
List the prime factors of 54303628.
2, 13575907
List the prime factors of 560338223.
560338223
List the prime factors of 35527695.
3, 5, 7, 48337
What are the prime factors of 64589188?
2, 17, 59, 947
What are the prime factors of 343302567?
3, 1741, 65729
What are the prime factors of 2586282535?
5, 751, 688757
List the prime factors of 66161167.
41, 1097, 1471
What are the prime factors of 1434092387?
7, 13, 2063, 7639
List the prime factors of 721471132.
2, 180367783
What are the prime factors of 61665737?
7, 23, 607, 631
List the prime factors of 50775739.
7, 2011, 3607
List the prime factors of 264541374.
2, 3, 14696743
List the prime factors of 110771179.
110771179
What are the prime factors of 37617886?
2, 18808943
What are the prime factors of 64960176?
2, 3, 181, 7477
What are the prime factors of 381083391?
3, 13, 191, 17053
What are the prime factors of 6438560809?
37, 174015157
List the prime factors of 491808164.
2, 17, 163, 44371
What are the prime factors of 20920928?
2, 7, 59, 1583
What are the prime factors of 74883348?
2, 3, 157, 13249
List the prime factors of 2493506.
2, 521, 2393
What are the prime factors of 339749099?
157, 389, 5563
List the prime factors of 2179949380.
2, 5, 7, 953, 16339
What are the prime factors of 953881024?
2, 23, 71, 9127
What are the prime factors of 109239908?
2, 31, 41, 21487
List the prime factors of 6350427983.
47, 7417, 18217
What are the prime factors of 4349490602?
2, 19, 1283, 89213
List the prime factors of 1218977400.
2, 3, 5, 607, 3347
List the prime factors of 3397641951.
3, 11, 102958847
What are the prime factors of 60372912?
2, 3, 181, 6949
What are the prime factors of 18246553?
13, 103, 13627
List the prime factors of 174971011.
174971011
List the prime factors of 119056922.
2, 47, 1266563
What are the prime factors of 35322460?
2, 5, 1766123
List the prime factors of 5616990947.
29, 12241, 15823
What are the prime factors of 91446689?
17, 23, 233879
List the prime factors of 652518903.
3, 97, 179, 12527
What are the prime factors of 87181141?
383, 227627
List the prime factors of 8203002.
2, 3, 1367167
List the prime factors of 1714288111.
2239, 765649
What are the prime factors of 10883311?
449, 24239
List the prime factors of 54063613.
54063613
What are the prime factors of 234138304?
2, 79, 46309
What are the prime factors of 3265032180?
2, 3, 5, 5591, 9733
List the prime factors of 493072320.
2, 3, 5, 13, 39509
What are the prime factors of 246748716?
2, 3, 31, 221101
What are the prime factors of 40532679?
3, 11, 401, 1021
What are the prime factors of 9322558?
2, 7, 665897
What are the prime factors of 420702687?
3, 47, 331523
List the prime factors of 15918001.
11, 17, 23, 3701
List the prime factors of 610366742.
2, 17, 17951963
What are the prime factors of 5238073707?
3, 1291, 1352459
List the prime factors of 31167549.
3, 7, 494723
What are the prime factors of 109580610?
2, 3, 5, 571, 6397
What are the prime factors of 79427682?
2, 3, 547, 2689
What are the prime factors of 723469368?
2, 3, 30144557
What are the prime factors of 312038567?
199, 1568033
What are the prime factors of 860935150?
2, 5, 17218703
List the prime factors of 75339060.
2, 3, 5, 1255651
What are the prime factors of 13345407?
3, 31, 1543
What are the prime factors of 3365945096?
2, 420743137
What are the prime factors of 2874303156?
2, 3, 6781, 35323
List the prime factors of 950264520.
2, 3, 5, 7918871
What are the prime factors of 421713041?
29, 2879, 5051
List the prime factors of 5032722966.
2, 3, 23, 79, 20071
List the prime factors of 6367216380.
2, 3, 5, 7, 17, 891767
List the prime factors of 12598341.
3, 7, 85703
What are the prime factors of 2015403326?
2, 1007701663
What are the prime factors of 460891191?
3, 67, 863, 2657
List the prime factors of 314082206.
2, 157041103
What are the prime factors of 29377062?
2, 3, 11, 13, 101, 113
What are the prime factors of 518101574?
2, 31, 89, 93893
What are the prime factors of 39066309?
3, 557, 7793
What are the prime factors of 40099565?
5, 11, 661, 1103
List the prime factors of 33014172.
2, 3, 19, 7621
What are the prime factors of 1078553707?
7, 11, 1273381
List the prime factors of 20225494.
2, 10112747
What are the prime factors of 268930453?
11, 569, 42967
List the prime factors of 2327097248.
2, 7, 10388827
What are the prime factors of 725415166?
2, 7, 1327, 39047
List the prime factors of 198147719.
7, 11, 367621
What are the prime factors of 214292035?
5, 23, 41, 47, 967
List the prime factors of 1297892259.
3, 144210251
List the prime factors of 1549857400.
2, 5, 7, 13, 31, 41, 67
What are the prime factors of 15243662?
2, 7, 17, 19, 3371
List the prime factors of 5913948791.
5913948791
List the prime factors of 3266900514.
2, 3, 173, 1049101
What are the prime factors of 579054179?
11, 509, 103421
List the prime factors of 59393147.
11, 5399377
What are the prime factors of 14827302?
2, 3, 7, 16811
List the prime factors of 95190720.
2, 3, 5, 229, 433
What are the prime factors of 124102993?
7, 73, 242863
List the prime factors of 753576393.
3, 23, 241, 45317
What are the prime factors of 1712389886?
2, 67, 12779029
What are the prime factors of 25941339?
3, 2882371
List the prime factors of 306231476.
2, 23, 59, 56417
List the prime factors of 90653169.
3, 619, 48817
List the prime factors of 44553226.
2, 17, 1310389
What are the prime factors of 5915790299?
5915790299
What are the prime factors of 437979490?
2, 5, 13, 3369073
List the prime factors of 165143098.
2, 19, 449, 9679
What are the prime factors of 94864494?
2, 3, 199, 79451
List the prime factors of 87906269.
11, 17, 470087
What are the prime factors of 40077309?
3, 691, 19333
List the prime factors of 136110393.
3, 3067, 4931
What are the prime factors of 5568832902?
2, 3, 17, 929, 3457
List the prime factors of 734651654.
2, 11, 33393257
What are the prime factors of 63522119?
63522119
List the prime factors of 32221814.
2, 283, 56929
What are the prime factors of 733668805?
5, 146733761
List the prime factors of 3295126194.
2, 3, 8111, 67709
List the prime factors of 1097836469.
5107, 214967
What are the prime factors of 202732758?
2, 3, 11262931
List the prime factors of 781588.
2, 37, 5281
What are the prime factors of 25405718?
2, 13, 17, 229, 251
What are the prime factors of 636288076?
2, 523, 304153
List the prime factors of 514790138.
2, 257395069
What are the prime factors of 103778200?
2, 5, 17, 131, 233
What are the prime factors of 1295197839?
3, 13, 37, 299191
List the prime factors of 1481469160.
2, 5, 67, 552787
What are the prime factors of 594115238?
2, 151, 353, 5573
List the prime factors of 49811419.
7, 137, 51941
What are the prime factors of 23871656?
2, 2983957
What are the prime factors of 157610965?
5, 137, 230089
List the prime factors of 82711557.
3, 3063391
List the prime factors of 11142790.
2, 5, 293, 3803
What are the prime factors of 184050218?
2, 11, 1499, 5581
What are the prime factors of 582135769?
582135769
What are the prime factors of 248821540?
2, 5, 11, 1031, 10